m(10). Suppose n*t = 16, 24*x - 2*t = 22*x + 1054. What is the tens digit of x?
3
Let m = 179 + -288. Let l be (-5)/(15/6) - (-14 - 190). Let u = m + l. What is the units digit of u?
3
Suppose -3*l - 565 - 257 = 0. Let q = -159 - l. What is the tens digit of q?
1
Let a = 10038 + 68104. What is the ten thousands digit of a?
7
What is the tens digit of (-133330)/(-5) + -8 + 28 + -14?
7
Let b(g) = -4*g + 1. Let q be b(13). Let r = 71 + q. Let x = 41 - r. What is the tens digit of x?
2
Let u(n) = -n**3 - 15*n**2 - 38*n - 20. Let m be u(-12). What is the hundreds digit of ((-3)/21 - 5496/(-56))*m?
3
Suppose -q + 4*l + 12 = 0, 4*q - 3*l - 26 = -q. Let a = -2 - -4. Suppose -62 = -q*u + j, -u + 37 = a*u + 4*j. What is the tens digit of u?
1
Let t(j) = -j**3 + 6*j**2 + 12*j + 375. What is the hundreds digit of t(-11)?
3
Let a(m) = -5*m**2 + 6*m - 4. Let i be a(-5). Let n = -15 - 35. Let t = n - i. What is the tens digit of t?
0
Let c be (-31 - -1)*1*(-3)/9. Suppose o + 0*m - 2 = -m, 0 = 3*o + 5*m - c. Suppose 4*s - 11*s + 210 = o. What is the units digit of s?
0
Let i = 4 - 1. Let c = -4455 + 4709. Suppose 0 = i*h + 3*n - 630, -3*h = 2*n - c - 378. What is the units digit of h?
2
Let c(j) = -235*j + 150. Let s be c(36). What is the tens digit of 1/(6 + s/1386)?
3
Let s(o) = o**3 + 28*o**2 + 14*o + 18. Let d be s(-27). Let c = 907 - d. What is the hundreds digit of c?
5
What is the thousands digit of -3 + 0 + 1 - (-282 + -12422)?
2
Suppose 8*i - 67728 = -5045 + 23309. What is the tens digit of i?
4
Suppose 4*d + i - 28180 = 33384, -2*d + 30804 = -5*i. What is the hundreds digit of d?
3
Suppose 29*m = 25*m + 16. Suppose 2*j + 22 = -0*l + m*l, 2*l + j = 5. Suppose l*p + 3*y - 523 = 0, 3*y - 359 = -3*p + 37. What is the units digit of p?
7
Let m be (-1)/(1*3/(-15)). Suppose -5*o = o - 396. Suppose m*u - 14 = o. What is the tens digit of u?
1
Suppose -181770 + 1553 = -17*m. What is the units digit of m?
1
Let c be 1 + 2*10/(-15)*-669. Suppose -14820 = c*h - 906*h. What is the tens digit of h?
4
Let l(x) = -9*x - 4*x**2 + 3*x**2 + 2*x**2 - 2*x**2. Let i be l(-9). Suppose i = 4*n, 0*o + 171 = 3*o + 2*n. What is the units digit of o?
7
Let f(t) = -t**3 + 11*t**2 + 2. Let q be f(11). Let d(c) = -8 + 16*c + 64*c**2 + 76*c**q - c**3 - 148*c**2. What is the tens digit of d(-10)?
3
Let j = -1550 + 2443. Suppose j - 3418 = -5*u. What is the hundreds digit of u?
5
Let n = -1331 + 10649. What is the thousands digit of n?
9
Suppose -w - 2*t = 670, -4*t - 407 - 261 = w. Let b = -136 - w. What is the hundreds digit of b?
5
What is the thousands digit of (-436597)/(-97) + -1 + -4?
4
Let t be 0 - (-4)/(1 - 0). Let h be -46 - (1 - (-4)/t). What is the units digit of (-2)/(-3)*h/(-8)?
4
Let l(u) = 224*u**2 + 268*u + 1561. What is the tens digit of l(-6)?
1
Suppose a - 59620 = -5*d, 4*d - 10*a + 7*a - 47696 = 0. What is the units digit of d?
4
Let o(p) = -p**3 - 10*p**2 - 6*p - 5. Let w be o(-9). Let j = -19 - w. Let v = 77 + j. What is the units digit of v?
0
Suppose 23 - 15 = 4*q. Suppose 0 = -5*i + q*k - k - 307, 3*i - 5*k + 171 = 0. Let t = 88 + i. What is the units digit of t?
6
Let j = -252 + 254. Suppose -5*q + 1339 = j*p + 2*p, 5*q + p = 1351. What is the hundreds digit of q?
2
Suppose 84*s - 2677532 = -1002824. What is the tens digit of s?
3
Suppose 4*l - 24 = 2*v - 7*v, 3*l = -5*v + 23. Suppose v*j + 105 = 33. What is the units digit of j/(((-40)/12)/5)?
7
Let p be 84 - (0 + -3 - -2). Let v = p - 68. What is the tens digit of v?
1
Suppose -u - 1982 = -2*m + 1349, 6653 = 4*m + u. Let f = 2426 - m. What is the units digit of f?
2
Suppose 0 = -m - 4*u + 32595 + 21208, -2*m = -2*u - 107626. What is the hundreds digit of m?
8
Suppose 0 = 41*m - 50*m - 3006. Let a = -214 - m. What is the hundreds digit of a?
1
What is the hundreds digit of 159*(22/(-12))/((-13)/26)?
5
Suppose -39*u - 334046 = -4039982. What is the hundreds digit of (-16)/20 - u/(-80)?
1
Suppose -22777 + 199627 = 18*v. What is the thousands digit of v?
9
Suppose -10*f = -7*f - 288. Suppose -100*g = -f*g - 324. What is the tens digit of g?
8
Suppose 210842 = 45*t - 46782 - 28756. What is the tens digit of t?
6
Suppose 19*s - 10662 - 20897 = 0. Suppose -s = -5*b + 4*o + 3089, -5*b = 2*o - 4750. What is the hundreds digit of b?
9
Suppose -29*i = -12 - 75. Suppose v - 399 = 3*j - 2198, i*j - 1809 = 3*v. What is the units digit of j?
8
Let h(p) = -5*p**3 + 8*p**2 - 16*p - 67. What is the units digit of h(-9)?
0
Suppose -74*k + 8 = -66*k. Let n(l) = 141*l + 7. What is the tens digit of n(k)?
4
Let b = -10469 + 15063. What is the hundreds digit of b?
5
Let x be 3/((-63)/14) + (-10)/3. What is the tens digit of 10344/16 - (-2)/x?
4
Suppose 29*s = -158*s + 6877112. What is the ten thousands digit of s?
3
Let m = -125 - -123. Let a be m*(-45)/(-3)*1. Let o = a - -68. What is the units digit of o?
8
Suppose 8*w - 39904 = 51*w. Let x = 2281 + w. What is the tens digit of x?
5
Suppose -v + 5*l = -6*v + 800, -154 = -v - 3*l. Let o(d) = 5 + 145*d + 10 + 13*d**2 + d**3 - v*d. What is the units digit of o(-14)?
1
Let d(v) = 3*v. Let s be d(0). Suppose s = r - 0*r - 2. Suppose 0 = -i + r*i - 50. What is the units digit of i?
0
Suppose -106*b + 120*b - 1680 = 0. Let q = 834 - b. What is the units digit of q?
4
Let k be 7 + -4 + 0/2. Suppose 0 = -5*q - 2*z - 2*z + 56, -4 = -z. What is the units digit of (87/(-2))/((-30)/q + k)?
8
Suppose -2*o + 13 + 1557 = 0. Suppose z = 2*z - 3*i - 157, 5*z + i = o. Suppose 3*g - 774 = 4*w - z, -4*w - 211 = -g. What is the hundreds digit of g?
2
Suppose -1858 = -59*c + 443. Let u = 8 - 5. Suppose u*d = c + 15. What is the units digit of d?
8
Let b(f) = 7*f**2 + 197*f - 465. What is the ten thousands digit of b(-83)?
3
Let h(n) be the second derivative of n**5/10 - n**4/3 + 13*n**3/6 - 5*n**2/2 + 9*n - 1. What is the units digit of h(5)?
0
Let a(h) = 301*h + 153. What is the thousands digit of a(17)?
5
Let v = -64200 + 92481. What is the ten thousands digit of v?
2
Suppose -25*l + 29*l - 2*d - 14 = 0, 0 = -2*l + 5*d + 3. Suppose 0 = -l*x - f + 4117, x + f = -178 + 1211. What is the units digit of x?
8
Suppose 3 = 4*p - 13, -p - 991 = -n. Let g = n + -668. Let v = g - 154. What is the hundreds digit of v?
1
Suppose 28*r = 34*r - 24. Suppose 0 = -2*t + 5*u + 406, -u + r*u = -6. What is the units digit of t?
8
Let d(v) = 3658*v - 6441. What is the tens digit of d(10)?
3
Let y(u) = -136*u + 36. Let k(x) = 137*x - 38. Let w(p) = 5*k(p) + 4*y(p). What is the tens digit of w(4)?
1
Let f(o) = -6*o - 1. Let x be f(-1). What is the units digit of (146 - 3) + 3 - (x + -2)?
3
Suppose -5*u + 25650 = -8*h + 9*h, u - 5149 = -4*h. What is the thousands digit of u?
5
Suppose -24 = -7*g - 3. Suppose 6*m - g*m = 9. Suppose m*r + 4*w = 2*w + 242, -2 = -2*w. What is the tens digit of r?
8
Let m = 79 + 75. What is the tens digit of -2102*14/(-44) - (-28)/m?
6
Suppose 35*m - 116*m = -1190862. What is the ten thousands digit of m?
1
Let r(o) = -258*o**3 - 2*o**2 - 9*o - 55. What is the ten thousands digit of r(-4)?
1
Suppose -2*c = 6, 9 = -7*o + 4*o - 4*c. What is the units digit of 112 + o - (0/(-5) - 3)?
6
Let y be (175/(-21) - -8)*(0 - 9). Suppose -73*w + 77*w - 16 = 0, 5*g - y*w = 4188. What is the hundreds digit of g?
8
Suppose -5*h = -f - 230, -15 = -f + 4*f. Suppose 3*c = h - 24. What is the tens digit of (c - (-959)/(-14))*(-2)/3?
4
Let w be (-2)/(20187/(-2241) + 9). Suppose 0 = -w*i + 241*i + 10120. What is the tens digit of i?
6
Let y(q) = 193*q**2 - 277*q - 2509. What is the tens digit of y(-9)?
1
Let v(n) = -5*n + 37. Let r be v(9). Let j(g) = -67*g + 8. What is the tens digit of j(r)?
4
Let c be 3 + 2 - -1 - 6. Suppose -11*o + 5252 - 1083 = c. What is the tens digit of o?
7
Suppose -22*m + 104459 = -43623. What is the tens digit of m?
3
Suppose 0*v = 2*v + 254. Let u = -50 - v. What is the tens digit of u?
7
Let q(k) be the first derivative of 15 - 4*k**2 + 5/3*k**3 - 6*k. What is the tens digit of q(-3)?
6
Suppose 48*n - 221245 + 685 = -0*n. What is the thousands digit of n?
4
Suppose 0 = 7*o - 10 - 32. Suppose -3*h - 3*i + 750 = 0, -2*h - 3*i + 495 = -o*i. What is the units digit of h?
9
Let p(u) = 19*u**2 + 5*u + 12. Suppose o - 2*o = -2*f + 8, -o = 5*f - 6. What is the units digit of p(o)?
6
Le